 - 0) + -4 + (-7 - -5).
1
What is the value of (-4 - (-3 - 1)) + -4?
-4
What is -11 - (1 - 1) - (1 + -6)?
-6
Calculate 47 - 44 - (-4 + -4).
11
1 + ((4 - 6) + 4 - 0)
3
Calculate 10 + -1 + -12 - -2.
-1
Evaluate 1 + -1 - (7 + (-3 - 3)).
-1
What is 2 + -7 + (8 - -1)?
4
Evaluate (18 + -19 - (-1 - 5)) + -5.
0
What is the value of -16 - -20 - (4 + -2 + -3)?
5
What is the value of (-10 - -5) + 6 + 0?
1
Evaluate (7 - (4 + 5 + -3)) + 5.
6
What is -10 + (-4 + 2 - -4) + 3?
-5
What is 19 + -25 + -1 + 2?
-5
-1 - -4 - (-19 + 30) - -6
-2
Evaluate -2 - (0 - (-3 - -3)).
-2
(4 - (9 - 6)) + -4
-3
What is the value of 0 + 1 + 2 + (100 - 105)?
-2
What is (35 - 28) + (-18 - (3 - 5))?
-9
What is the value of 3 - 5 - -2 - 2?
-2
What is the value of 17 + -12 - (-2 - -1 - -9)?
-3
Calculate -4 + (-13 + 5 - -11).
-1
What is the value of (1 + 0 - -2) + 11 + -16?
-2
9 - (7 + (-6 - (4 + -7)))
5
What is -12 - (10 + (-13 - 6))?
-3
Calculate -2 + 0 - (7 - -1 - 14).
4
1 - (-2 - (6 + (6 - 12)))
3
What is the value of -11 + 4 + 0 + -4 + 5?
-6
Calculate -3 + -1 + 8 + -3 + -2.
-1
79 - 72 - (0 - -3)
4
What is the value of (3 - -4) + -3 + -5?
-1
(12 - 5) + 2 - 6
3
Evaluate 4 + -11 + 12 - 1.
4
What is the value of 10 - (0 + (6 - 3))?
7
Calculate 0 + 2 - (0 + 6).
-4
What is the value of -8 + 1 + -3 + 7?
-3
Evaluate (2 - 4) + (0 - 2 - -2).
-2
What is the value of 5 - (1 + 2) - 6?
-4
6 + -7 + 6 + 0
5
-104 + 102 + 0 + 6
4
What is the value of (-1 - 2) + -4 + 11 + 1?
5
What is the value of (5 - 6) + (-1 - 0 - -2)?
0
What is (-4 + 7 - -2) + -2 + -2?
1
Evaluate (17 + -9 - (0 - -4)) + -2.
2
What is the value of -3 - (4 - (5 - (0 + -6)))?
4
Calculate 3 + -3 - (2 - 6).
4
What is the value of 21 + -17 - (3 + 0) - 4?
-3
Calculate 7 - (2 + -1 + 0 + 2).
4
Evaluate 6 + (1 + -7 + 6 - 1).
5
-12 + 1 + 9 + 12 + -3
7
What is the value of -2 - (5 - 5) - (0 - -4)?
-6
What is the value of (-9 - (1 - 7)) + 0 + 3?
0
Evaluate 1 + -4 + (-2 - -11) + -10.
-4
Evaluate -4 + 2 + -2 + 7.
3
(-5 - (-4 - -7)) + 25 + -7
10
Calculate (-10 - 2) + 7 + 2.
-3
Calculate -11 + 4 + -2 + 10.
1
3 + -2 + 1 - -1
3
What is -3 + (0 + 2 - -2) + 2?
3
2 + (5 - 5) + -4
-2
Calculate (-7 - 1 - -1) + 11.
4
What is -6 - (-8 + -1 + -1)?
4
Calculate -4 - (1 + 3 + -3).
-5
What is -1 + (0 - -2 - 5)?
-4
Evaluate (7 - 4) + -10 - -4.
-3
-9 - (-4 + (-6 - 4))
5
What is 1 + 1 + 7 + -5?
4
What is the value of 5 - (7 - 4) - -2?
4
Calculate -20 - 0 - (2 - 15).
-7
(-2 - (-2 + -3)) + 6
9
Calculate (8 + -12 - -6) + (-1 - -3).
4
What is 4 - (-5 - (7 - 23))?
-7
Evaluate -3 - (-5 - (7 - (11 - -2))).
-4
What is 11 - (5 - (-5 - -5))?
6
-1 + (3 - 4) - -5 - 1
2
(1 - (3 - 3) - 2) + 4
3
-4 - (3 - (-2 + 12))
3
(8 - 9) + 12 - 10
1
Calculate -7 + -7 + 11 + 1 + 0.
-2
What is 1 + 4 - 1 - 2?
2
Evaluate -2 - -18 - (5 - -7).
4
What is -10 + 2 - (33 + -37)?
-4
What is the value of 2 + -12 - (-19 - -13)?
-4
(2 - (3 - (4 - 2))) + 0
1
What is 4 + (5 + -12 - -3) - -8?
8
Calculate 4 + 0 - ((-12 - -23) + -13).
6
Evaluate (-2 - (1 - -4)) + 8 - 3.
-2
What is the value of (1 - -9) + -9 + -5 + 2?
-2
-7 + (2 - -7) + -2
0
What is the value of 1 - (6 + (-2 + -2 - -4))?
-5
Evaluate 11 + -4 + -2 + 0.
5
-5 + ((-4 - -6) + -1 - -5)
1
3 + (-2 - 10) - -12
3
What is the value of (-2 - 4) + (-6 - -8)?
-4
What is (-11 - -11) + (0 - -2) + -4?
-2
Evaluate -3 + (13 - 3 - 6).
1
Calculate -2 + (-4 - 2) - -10.
2
Calculate 9 + (-1 - 2) + 1.
7
(-20 + 20 - (-1 - -7)) + -4
-10
What is 5 - ((4 + -1 - -4) + 5)?
-7
What is the value of -15 - -20 - (4 + -2 + 0)?
3
Evaluate (0 - (-8 - -2)) + -4.
2
-12 - -5 - (-4 - 3) - 5
-5
What is the value of -1 + (-4 - (2 - 5)) + 1?
-1
Calculate 5 - 1 - (-11 - -4 - -12).
-1
8 + -4 + -2 + -5 + 4
1
What is 9 + (0 - 6 - 1)?
2
What is the value of -2 - 5 - (-2 + -7)?
2
What is the value of 0 + (1 - (3 - 3 - 0))?
1
What is 0 - (-3 + 2 + 5 - 4)?
0
Calculate 5 + (0 - 1) - (4 + -2).
2
(14 - 9) + -1 + -9 - -3
-2
What is (10 - 4) + -4 + -8 + 4?
-2
What is -6 - 2 - (7 - 23)?
8
10 - (-1 + 1 - -10)
0
What is (-13 - -7) + (-2 - -11)?
3
Calculate 6 + -6 - (3 + -2 - 1).
0
-3 - (0 - (3 + -1)) - -5
4
-2 - (9 - 16) - 3
2
What is (5 - -1 - (-1 + 4)) + -1?
2
Calculate -3 + (-2 + 13 - -2) - 6.
4
0 + (-2 - -3) + 0 - -5
6
0 + (-4 - -3) + -1
-2
What is -20 + 17 - ((0 - 0) + -2)?
-1
(-13 - (-7 - 3)) + -1 + 8
4
What is the value of -5 + 4 + 4 + -5?
-2
What is the value of (5 - 9) + (3 - -3) + 2?
4
8 - (0 + 2 + (0 - -2))
4
What is the value of (-7 - (4 + -7)) + 1 + 3?
0
-6 - (0 - 7 - (1 + -5))
-3
-5 + -5 + 10 - (0 - -5)
-5
What is the value of -6 + (-2 - -1) + 7 + -3?
-3
What is the value of (5 - (-5 + 9)) + 3?
4
Calculate 0 + -2 - ((8 - 8) + -6).
4
6 + ((6 - -1) + -2 - 9)
2
Evaluate -5 + (-1 - -4) - (-4 + 0).
2
Calculate (-1 - 5) + 6 + 2 + -2.
0
What is the value of 2 - -7 - 0 - (26 + -18)?
1
0 - (4 + -1) - -1 - -6
4
What is -16 + 20 - (17 + -6)?
-7
Evaluate 14 - 8 - ((2 - 0) + 0).
4
What is 2 + -2 + -3 + 2 - 2?
-3
What is the value of 0 + -3 + -6 + (3 - -1)?
-5
What is -7 + (-3 - -7) + 4 + 1?
2
What is -3 + (10 - (3 - -2))?
2
Evaluate 0 - -12 - (7 + -1).
6
-7 - (2 + (1 - 5) + 0)
-5
What is -5 - (-6 - -1) - -7?
7
What is the value of 13 - (0 + 3) - 6 - -3?
7
-3 + 7 + -4 - 7 - -11
4
What is (-4 - (-6 + -7)) + -2?
7
What is the value of 8 - (-7 - -21 - 6 - 0)?
0
What is 22 + (3 - 12) - 9?
4
What is the value of (-7 - (-11 + 4 + 4)) + 11?
7
15 + -17 - (1 - 10)
7
Calculate -1 - (-20 - -9) - 4.
6
What is the value of 3 + (5 + -14 - -4)?
-2
Calculate -3 + 18 + -6 + -6.
3
Evaluate 1 + (1 - -3) + -4.
1
What is the value of -11 + (-3 - -22) + -3?
5
What is the value of -1 - ((-2 - -1) + 0 + 0)?
0
0 - (-3 - -4) - 2
-3
What is (18 - 23) + (0 - -6)?
1
Evaluate (-10 - (19 - 27)) + (12 - 1).
9
5 - -3 - (2 - 0 - -2)
4
-3 - (1 + -6 + -2)
4
Evaluate -2 - (0 - (0 + 3)).
1
Evaluate 5 - -1 - ((-1 - 8) + 12).
3
What is 4 - (1 + 3) - 8?
-8
Calculate (-2 - (0 + -3)) + 0 + 2.
3
What is the value of 32 + -41 - (0 + 1 + -6)?
-4
Calculate 6 + 1 + -2 + -5.
0
What is the value of 2 + -5 - (-8 - -4)?
1
3 + (2 - (1 - -3))
1
What is 1 - (5 - -8) - (-13 + 10)?
-9
-3 - (1 + -7 + 2)
1
Calculate (3 - (11 - 5)) + -3 + 1.
-5
Evaluate (1 - 1 - 2) + -8 + 11.
1
What is the value of 2 - (8 + -4) - (-4 + 2)?
0
What is the value of (-3 - (-1 - 3 - 0)) + 1?
2
What is 1 - 0 - -2 - (32 + -29)?
0
0 - ((-7 - -8) + -5)
4
Calculate 4 + 4 - (-17 - -25).
0
(-1 + -6 - -3) + 9
5
(-2 - -4) + (-2 - -1) + -2
-1
What is 3 + (4 - 3) - 6?
-2
What is the value of 1 - 2 - (-6 + 2 - 0)?
3
(4 - 5) + (4 - (1 + 2))
0
Calculate 5 + (-2 - -1) + (-1 - 2).
1
Calculate (2 - -3) + (0 - -2) + -11.
-4
What is (-7 - -1) + 3 + 3?
0
What is the value of -21 + 18 + -1 + -2?
-6
Evaluate -1 + 5 + (-7 - -1).
-2
0 - (7 + -3 + -4)
0
What is the value of -11 + (-6 + 6 - (-9 - -3))?
-5
Evaluate 4 - (7 - (1 + -11 + 6)).
-7
Evaluate 3 + (-11 - 0) + -4 + 8.
-4
Evaluate 4 + -4 + -3 - (-8 - -15).
-10
Calculate 9 + -12 + 1 - (6 - 0).
-8
What is the value of 10 + (4 - (14 + -11))?
11
Calculate (4 - (11 + 1 + -6)) + 3.
1
Evaluate 3 - (-5 + (5 - (-5 - -6))).
4
What is the value of -10 - -5 - (-1 - 5)?
1
What is the value of 4 + 1 + 7 + (3 - 10)?
5
What is -5 + -1 + (-6 - -14) + -11?
-9
Evaluate (-1 - -2) + 31 + -39.
-7
Calculate (9 - 20) + 8 + 10.
7
Calculate 9 - (1 + 6) - (1 - -3).
-2
Evaluate (4 - 4) + (1 - -1 - 1).
1
Calculate 0 + 2 - (-4 + 5).
1
What is the value of (-1 - 6) + (2 - -2)?
-3
Calculate -11 - -5 - (-6 + 0).
0
Evaluate 3 + (-1 - -1) - (16 - 10).
-3
Evaluate 8 + (1 - 4) + -9.
-4
Calculate 3 + -14 + 8 + -1 + 0.
-4
What is the value of -15 + (0 - -13) + 6?
4
Evaluate (1 - 0 - (-2 + 1)) + -2.
0
Evaluate -1 + 3 + (-4 - -5).
3
9 + (0 - -3) + 3 + -11
4
Evaluate 4 + -15 + 6 + 4.
-1
-2 + -10 + 2 - -12
2
What is the value of -1 - -4 - (3 - (6 + -16))?
-10
What is (5 - 0) + (3 - (0 - -4))?
4
Evaluate -4 - (4 + -3 + 6 + -13).
2
What is (0 - (-9 - -4 - -6)) + 6?
5
What is the value of -13 + (-11 - -15) + 11?
2
Calculate (8 - -5) + -29 + 16.
0
What is (-1 - -2) + (0 - (-27 - -26))?
2
7 + -13 + 6 - (7 + -1)
-6
(-1 - (-2 - -1)) + -15 + 15
0
-2 - (4 + (-9 - -3)) - 2
-2
Calculate 4 + 5 + -5 - (-1 + 1).
4
What is -4 + 11 - (1 + 4) - -1?
3
What is -2 + 5 + -6 + 7?
4
Evaluate -5 + 1 + (-32 - -31).
-5
What is (50 - 43) + (1 - 13)?
-5
What is -5 - (4 - 4) - (-1 + -3)?
-1
Evaluate -7 + (4 - (0 + -5))